t common factor of j and l.
21
Suppose 4*r - 2*l - 2544 - 2742 = 0, -2*r + 4*l = -2652. What is the greatest common factor of 12 and r?
12
Suppose 0 = -3*t + 156 + 9. Suppose -t = -6*u + 125. Calculate the highest common divisor of u and 6.
6
Let d = -893 + 899. What is the highest common factor of d and 129?
3
Let t = -190 - -216. What is the greatest common factor of 494 and t?
26
Let p = 105 - 79. What is the highest common factor of p and 416?
26
Suppose 8*z - 10*z + 13*v = -107, -3*z - 3*v = -93. Let r(u) = -3*u**3 - 3*u**2 - 4*u - 3. Let x be r(-2). Calculate the highest common divisor of x and z.
17
Let v(s) = 2*s**2 + 7*s - 5. Let u be v(5). Let h = 71 + -7. What is the highest common factor of h and u?
16
Let u(p) = -p**2 - 8*p + 9. Let s be u(-8). Let z(x) = 9*x**3 + 5*x - 1. Let b be z(2). Calculate the greatest common divisor of s and b.
9
Let s(n) = -2*n**2 + 59*n + 313. Let r be s(34). Suppose -10 = -3*g - 1. Calculate the highest common divisor of r and g.
1
Let d be -1*(-12)/(-18)*663/(-1). What is the highest common factor of 13 and d?
13
Let o = 127 + -71. Suppose 4*p - 49 - 23 = 0. Let h be 56/(-3)*p/(-4). What is the highest common divisor of o and h?
28
Let o = 18 + -17. Suppose -d + o + 0 = 0. Let k be (d/3)/((-2)/(-36)). What is the highest common factor of 66 and k?
6
Suppose -183 = -3*t - 84. Calculate the highest common factor of 264 and t.
33
Let v be ((-1)/(-2))/((-8)/80). Let f = v + 7. What is the greatest common divisor of f and 22?
2
Let i be -1 - 1 - (-5 + 3). Let w be i + -1 - -14 - -1. Let q = -1139 + 1237. What is the highest common divisor of q and w?
14
Suppose 0 = -3*u - 134 + 512. Let c be (-2*1)/(-6) - (-336)/u. What is the highest common divisor of 4 and c?
1
Let o be ((-11 - -70) + -1)*2/2. Calculate the greatest common divisor of 29 and o.
29
Let g = 633 - 599. What is the highest common divisor of 272 and g?
34
Let g = 14 + -10. Suppose 5*y - g*y - 5 = 0. Suppose -4*o + 6*o + 400 = 4*d, -y*d - o = -493. What is the highest common factor of 11 and d?
11
Suppose 271 = 3*s - 0*b - b, -5*b = 5. Suppose -3*i + 1 = -g, 0 = -5*g + 11 + 14. Suppose 4*t - i*t = 72. Calculate the greatest common divisor of s and t.
18
Let z = 472 + -136. Suppose -6*k = 14 - 38. Suppose 5*g = k*o + z, o - 15 - 301 = -5*g. Calculate the greatest common factor of 8 and g.
8
Let b(r) = -r**2 + 30*r - 176. Let s be b(10). What is the highest common factor of 8 and s?
8
Suppose -8*v + 43 = -53. Suppose v*b - 18 = 9*b. What is the highest common divisor of 2 and b?
2
Suppose -z + 86 = -4*b + 450, 102 = b - 3*z. Calculate the greatest common factor of b and 36.
18
Suppose -3*n = p - 32 - 27, -39 = -3*n + 3*p. Let v = 1 + 161. What is the greatest common factor of v and n?
18
Let n(b) = -b**2 - b + 2*b**2 + 3*b. Let u be n(-3). Suppose -16 = 2*l, 934 = a + 5*l + 962. What is the greatest common factor of a and u?
3
Let x(r) = -33*r**3 + 13*r**3 - 2 - 6*r + 19*r**3 - 6*r**2. Let h be x(-6). Calculate the greatest common divisor of 85 and h.
17
Suppose 2 = 2*c - 6. Suppose 0 = -8*k + 7*k + c. Suppose 0 = 5*g - k*t - 209, -82 = -g - g + 2*t. What is the highest common factor of 18 and g?
9
Let q(f) = -3*f + 6. Let g(d) = 4*d - 7. Let n(b) = 2*g(b) + 3*q(b). Let v be n(3). What is the highest common factor of 8 and v?
1
Suppose b - 49 = 226. Let c be 1*4*100/16. Calculate the greatest common divisor of b and c.
25
Suppose 49*c - 6179 = 15136. Calculate the highest common factor of c and 15.
15
Let d(v) = v**3 - 3*v**2 - 6*v + 8. Let x(b) = 2*b - 14. Let q be x(10). Let i be d(q). Suppose -128 = -5*y + y. Calculate the highest common factor of y and i.
16
Suppose 0*v + 5*z = 5*v - 345, -5*v + z = -325. Calculate the highest common divisor of v and 1600.
64
Let g = 108 + -48. Suppose -12*p + 0*p + g = 0. Calculate the greatest common factor of 20 and p.
5
Let t = 1 + 51. Suppose -2*x + 2*p + t = 0, 0*x + 5*p + 46 = x. Suppose 14*r - 11*r = x. What is the highest common factor of 1 and r?
1
Let a(h) = 31*h - 214. Let p be a(8). What is the greatest common factor of 34 and p?
34
Let j be (-3)/(105/(-616))*165/2. What is the greatest common divisor of 44 and j?
44
Suppose -4*o = -0*o + 28. Let s = 4 + o. Let r(h) = -4*h**3 - 3*h**2 - h. Let l be r(s). What is the highest common divisor of 12 and l?
12
Let t be ((-35)/(-20))/(1/4). Suppose t*x = 5*x + 10. What is the highest common divisor of 5 and x?
5
Let d = 8 + -3. Suppose 3*t - 598 = 3*f + f, -f - 1 = 0. Suppose t = h + d*h. What is the highest common divisor of h and 3?
3
Suppose -3*p + 6*p + 27 = 0. Let f(z) = 9*z**2 - 3*z + 9*z**2 - 19*z**2 - 8*z - 6. Let i be f(p). Calculate the greatest common factor of i and 48.
12
Let n = 183 - -57. Suppose -n = o - 6*o. Let b = 343 - 223. What is the highest common divisor of b and o?
24
Suppose -z - 4*k + 0*k + 27 = 0, -4*z = 5*k - 141. Suppose 5*m - 2*m - z = 0. Calculate the highest common factor of m and 91.
13
Let u(m) = m**3 - 10*m**2 - m + 12. Let s be u(10). Suppose -d - 30 = -3*d - 2*j, -s*j + 12 = d. Calculate the greatest common factor of d and 12.
6
Let l = -80 + 138. Suppose -300 = -63*g + l*g. Calculate the greatest common divisor of g and 40.
20
Let d(a) = a**3 - 5*a**2 + 4*a + 5. Let q be d(4). Let z = -283 + 193. Let l be 6/(-10) + (-504)/z. Calculate the greatest common divisor of l and q.
5
Let g be ((-1014)/26)/(6/(-4)). Let b(s) = -6*s - 2. Let k be b(4). Let a be (-1 - 1)/(4/k). What is the greatest common divisor of a and g?
13
Let z be (16/24)/(1/(-36) - 0). Let l be 6/15 + 298/5. Let o = z + l. Calculate the greatest common factor of 12 and o.
12
Suppose 6*a = -0*a - 858. Let x = a - -223. Suppose -6*v + v + 40 = 0. Calculate the greatest common factor of x and v.
8
Suppose 9*w + 3*s + 37 = 10*w, w = -5*s + 77. What is the greatest common factor of 104 and w?
52
Let j = 70 + -52. Suppose 5*x = -4*m + 19, -4*m + x + 0*x + 25 = 0. Calculate the greatest common factor of j and m.
6
Let x = 57 + -50. Let p(k) = -k**3 + 5*k**2 + 16*k + 1. Let v be p(x). What is the greatest common factor of v and 45?
15
Suppose -5*y - 10 = -2*u, 3*u - 13 = y + 15. Let j = -4 + 2. Let m(o) = -5*o**3 + 5*o**2 + 5*o. Let s be m(j). Calculate the greatest common divisor of u and s.
10
Let l be (4/5)/(5/1025). Let v be l + 3 + (2 - 4). Suppose -2*j - 3*j = -v. What is the greatest common divisor of 3 and j?
3
Suppose -5*z - 3*c = -2, 3*z + 0*z - 4*c - 7 = 0. Let n = 9 - z. Let f(a) = 4*a - 12. Let d be f(n). Calculate the highest common factor of d and 30.
10
Let g be -1*8/2 + 7. Suppose -g*c + 156 = c. Calculate the highest common factor of 26 and c.
13
Suppose v - 2*z = -2, -v - 4*z + 6 = -2*v. Let f = 14 + -12. Let p be f*(-6)/4 + 25. What is the highest common divisor of v and p?
2
Let r(z) = z**3 + 2*z**2 - 3*z + 1. Let u be r(-3). Let m(k) = -50*k - 53. Let j be m(-1). Let s = u - j. What is the highest common factor of s and 4?
4
Let y = 930 - 855. What is the greatest common factor of y and 120?
15
Let s be (20/(-6))/(8/(-12)). Suppose 0 = -s*f + 2*f + 9, 3*l - 129 = -f. Let j be (1 - 7)*(-28)/l. What is the highest common factor of 6 and j?
2
Let c = 378 + -226. Suppose -3*b + 46 = -c. Suppose 0 = 5*m - 2*v - 78 - 32, -88 = -4*m - 5*v. What is the greatest common divisor of m and b?
22
Let d be ((-72)/(-20))/(12/80). Suppose 4*a - 59 = 3*r, -2*a - 3*r + d = r. What is the highest common factor of 154 and a?
14
Let j(a) = 15*a**2 - 3*a + 14. Let s be j(3). Let v = -131 + s. Calculate the highest common divisor of v and 126.
9
Let h(v) = 9*v**2 - 21*v - 19. Let a be h(-4). What is the highest common factor of 38 and a?
19
Suppose 0 = 2*w - 2*t - 812, -5*t - 397 = -w - t. Let p = w + -280. Suppose p - 3 = 2*f. What is the greatest common factor of 9 and f?
9
Let f(n) = 11*n - 60. Let h be f(8). What is the greatest common divisor of 784 and h?
28
Suppose 16*x - 6 = 15*x. Calculate the greatest common divisor of 42 and x.
6
Let f(z) = 2*z - 10. Let i be f(6). Suppose 5*r + 12 = 4*o, -9 = -2*o - i*r - 3. Suppose -o*l + 30 = 2*l. Calculate the greatest common divisor of l and 6.
6
Let n be 10/4*(-24)/(-15). Suppose 0*p - 96 = -n*p. Let l be (p/10)/(18/45). Calculate the highest common factor of l and 48.
6
Suppose 2*k - 5*c = 25, 2*c + c = -5